801
In base 9, what is 14 + 187?
212
In base 6, what is -112 - -4?
-104
In base 8, what is 10 + 2?
12
In base 5, what is 3 + 42031?
42034
In base 11, what is -2 - -133?
131
In base 11, what is 1 + -366?
-365
In base 11, what is 197 + 2?
199
In base 15, what is a3 + -6?
9c
In base 5, what is -1103 + -10?
-1113
In base 11, what is -1 - 98?
-99
In base 12, what is 1 + -166?
-165
In base 14, what is -4 + 66?
62
In base 3, what is 101020 + -2?
101011
In base 5, what is 43 - -113?
211
In base 5, what is -23 + -41?
-114
In base 3, what is -12 - -11102?
11020
In base 15, what is -24e + 3b?
-213
In base 5, what is -101 - 333?
-434
In base 4, what is -2 + -1322?
-1330
In base 9, what is -143 - -24?
-118
In base 7, what is -2 + 4?
2
In base 16, what is 16a - -5?
16f
In base 9, what is 0 - -2023?
2023
In base 9, what is 24155 + 0?
24155
In base 6, what is 3 + 144?
151
In base 5, what is 3 - 320?
-312
In base 6, what is -124 + 2?
-122
In base 8, what is 150 + 3?
153
In base 15, what is 2 - -58?
5a
In base 6, what is 4 - 1135?
-1131
In base 15, what is -3 + -10?
-13
In base 11, what is -3a7a + -2?
-3a81
In base 10, what is -1355 - 4?
-1359
In base 6, what is -20 + -112?
-132
In base 16, what is 144 - -2?
146
In base 8, what is -126 + 34?
-72
In base 7, what is -46 - -6?
-40
In base 9, what is 37 + -516?
-468
In base 2, what is 11100101 + -110100?
10110001
In base 4, what is -23 + 1101?
1012
In base 9, what is 1006 + -2?
1004
In base 11, what is 8 - -91?
99
In base 4, what is 12 - 212?
-200
In base 4, what is 11 + 122302?
122313
In base 6, what is -5 - -13210?
13201
In base 15, what is 20 - 2?
1d
In base 5, what is 332 - -1134?
2021
In base 15, what is -1 - e5?
-e6
In base 14, what is -3 - -1?
-2
In base 9, what is -6 + -187?
-204
In base 10, what is 14 - 151?
-137
In base 10, what is -12 + -2?
-14
In base 8, what is 51 + 1?
52
In base 6, what is 33 - 3?
30
In base 7, what is 2 + -42?
-40
In base 4, what is -11 - -1103?
1032
In base 16, what is 123 + 5?
128
In base 7, what is -3 + 1316?
1313
In base 14, what is -9d - 0?
-9d
In base 7, what is 5 + 54?
62
In base 3, what is -12 - 10211?
-11000
In base 13, what is -2 - -3c?
3a
In base 11, what is -1229 - 0?
-1229
In base 16, what is 47 + b?
52
In base 2, what is 1101101 + 1011000?
11000101
In base 16, what is -a + 11b?
111
In base 14, what is 2 + 95?
97
In base 8, what is 5 + 46?
53
In base 14, what is 2 - 107?
-105
In base 16, what is -4a + 3?
-47
In base 3, what is 20 + -11200?
-11110
In base 2, what is 100 + 100001?
100101
In base 16, what is 1 - -2e9?
2ea
In base 9, what is -46 - -5?
-41
In base 13, what is -16 - -38?
22
In base 16, what is -7 + -6?
-d
In base 2, what is 101110001 + 0?
101110001
In base 12, what is -15a - -7?
-153
In base 5, what is -12224 - -3?
-12221
In base 4, what is -303 - -101?
-202
In base 4, what is -121321 + 2?
-121313
In base 11, what is 2 - 436?
-434
In base 16, what is -1c0 - 5?
-1c5
In base 11, what is -4 + -311?
-315
In base 9, what is 7033 - 4?
7028
In base 14, what is -257 - -2?
-255
In base 4, what is 12 - 12?
0
In base 3, what is -11 - -200?
112
In base 16, what is -19 - 1a?
-33
In base 10, what is 18 + 1029?
1047
In base 12, what is -32 + -b?
-41
In base 8, what is -63 + 2?
-61
In base 9, what is 116 + 5?
122
In base 6, what is 4411 - 10?
4401
In base 13, what is 25 + -1c?
6
In base 8, what is 5 - -6552?
6557
In base 11, what is -12800 + 2?
-127a9
In base 16, what is 1d - 21?
-4
In base 8, what is 1 + 22?
23
In base 2, what is -11111011 + 100?
-11110111
In base 14, what is 2c04 - 5?
2bdd
In base 11, what is -46 + -104?
-14a
In base 16, what is -1f1 - -5?
-1ec
In base 4, what is -3 - 13331?
-20000
In base 6, what is 1101 + -1?
1100
In base 4, what is -103322 - -11?
-103311
In base 16, what is -124 - -4?
-120
In base 9, what is 1076 + 3?
1080
In base 9, what is -144 + 2?
-142
In base 8, what is -2 - -460?
456
In base 12, what is 3 + 487?
48a
In base 14, what is 4 - -64?
68
In base 6, what is 233 + -54?
135
In base 15, what is -8 - -13?
a
In base 12, what is -50 - 26?
-76
In base 12, what is 315 + 71?
386
In base 15, what is -4 + 30?
2b
In base 2, what is 101 + -11010?
-10101
In base 2, what is -100 - -10?
-10
In base 3, what is 20101 + 12?
20120
In base 3, what is 21 + -210?
-112
In base 13, what is 7 + -2?
5
In base 14, what is 0 + 99?
99
In base 5, what is -2 - -10120?
10113
In base 6, what is 4 - 11105?
-11101
In base 16, what is -15 + -5?
-1a
In base 14, what is -7 + 0?
-7
In base 7, what is 10 - 12?
-2
In base 10, what is 1 - -243?
244
In base 2, what is -11000 + 11111101?
11100101
In base 5, what is 34113 + 4?
34122
In base 5, what is -1333342 - -1?
-1333341
In base 15, what is -1b5 - 1?
-1b6
In base 6, what is 251113 + 5?
251122
In base 5, what is 31123 - 10?
31113
In base 12, what is -6 - 7?
-11
In base 13, what is -33c5 + -1?
-33c6
In base 4, what is -3300 + 10?
-3230
In base 14, what is -a - 44b?
-457
In base 2, what is -110110 - 110010011?
-111001001
In base 14, what is 960 + 2?
962
In base 7, what is -31 + 6?
-22
In base 15, what is -98 - -1?
-97
In base 15, what is 2 - -a64?
a66
In base 5, what is 324020 + -4?
324011
In base 15, what is -1c - 0?
-1c
In base 15, what is 115 + 1?
116
In base 5, what is -22 - -10?
-12
In base 4, what is 10 - -20102?
20112
In base 6, what is -123 + 422?
255
In base 5, what is 0 + -222?
-222
In base 16, what is -14 + 125?
111
In base 14, what is 23 + -87?
-64
In base 10, what is 5 - -413?
418
In base 10, what is -111 - -46?
-65
In base 7, what is 3 - -1122?
1125
In base 3, what is -200 - 1000?
-1200
In base 3, what is -21 + -200022?
-200120
In base 4, what is 100 + 113?
213
In base 15, what is 0 + b?
b
In base 10, what is -26 + 17?
-9
In base 9, what is 444 + -2?
442
In base 4, what is 20220 - 112?
20102
In base 5, what is -12 - 4?
-21
In base 6, what is -4 - -512?
504
In base 16, what is 3 - 3b5?
-3b2
In base 14, what is -1d - -3?
-1a
In base 3, what is 1220102 - 1?
1220101
In base 12, what is -7 - 26?
-31
In base 9, what is -11 - -3?
-7
In base 16, what is 187a - 2?
1878
In base 6, what is 2 - -1032?
1034
In base 2, what is -100 - -101010000?
101001100
In base 13, what is -57 + -9?
-63
In base 16, what is -7d6 + -3?
-7d9
In base 13, what is -152 + 2?
-150
In base 11, what is 391 - 5?
387
In base 10, what is -1638 - -8?
-1630
In base 11, what is -3 + 1932?
192a
In base 12, what is -4 + -56?
-5a
In base 5, what is 4044 + 2?
4101
In base 7, what is -5 + 1510?
1502
In base 15, what is -2 - e?
-11
In base 11, what is 10 + -3?
8
In base 13, what is -6 + -51?
-57
In base 4, what is 33 - 230?
-131
In base 11, what is -a0a - 5?
-a14
In base 16, what is -8 + c27?
c1f
In base 9, what is 544 + 5?
550
In base 16, what is -f0 - 5?
-f5
In base 8, what is -12 + -1060?
-1072
In base 14, what is -c44 + -2?
-c46
In base 2, what is 0 - -1111001?
1111001
In base 16, what is 245 - 1?
244
In base 9, what is 0 + 482?
482
In base 10, what is 8 + -1014?
-1006
In base 2, what is -10100100 - -100?
-10100000
In base 8, what is -5 + -55?
-62
In base 14, what is -5 + -ad?
-b4
In base 3, what is 1002 + 2?
1011
In base 14, what is -1 - 5?
-6
In base 2, what is -1000100001 + -101?
-1000100110
In base 4, what is -1013 - -20?
-333
In base 3, what is 1 - -222?
1000
In base 11, what is 196 - -10?
1a6
In base 12, what is -63 - -1?
-62
In base 16, what is 2 + 3f1?
3f3
In base 11, what is -168 + 9?
-15a
In base 8, what is -42 - -11?
-31
In base 3, what is 21 + -1010?
-212
In base 4, what is 2330 - -10?
3000
In base 3, what is 2022 + 22?
2121
In base 12, what is 2b - -3?
32
In base 12, what is 93 - a9?
-16
In base 2, what is 1 + 100111?
101000
In base 16, what is 7 + -a?
-3
In base 2, what is 100 - -10110010100?
10110011000
In base 9, what is 1 + -322?
-321
In base 9, what is 2 + 2?
4
In base 14, what is 29 - -43?
6c
In base 16, what is 2 + 22?
24
In base 10, what is -3 + 0?
-3
In base 6, what is -25 + 1?
-24
In base 15, what is 23 - 7?
1b
In base 3, what is -1100120 + -2?
-1100122
In base 8, what is 0 + 2?
2
In base 10, what is -4 + 262?
258
In base 4, what is 10 - -3012?
3022
In base 7, what is -22 - 151?
-203
In base 13, what is -319 - 0?
-319
In base 9, what is -8 - -127?
118
In base 14, what is -227 - 0?
-227
In base 2, what is 10 - 110011?
-110001
In base 16, w